7, 9319
List the prime factors of 573347297.
573347297
What are the prime factors of 42136111?
47, 73, 12281
What are the prime factors of 188277790?
2, 5, 3313, 5683
What are the prime factors of 803098069?
4483, 179143
List the prime factors of 4524105296.
2, 282756581
What are the prime factors of 973316046?
2, 3, 162219341
What are the prime factors of 480850066?
2, 17, 14142649
List the prime factors of 84744900.
2, 3, 5, 31387
List the prime factors of 438389700.
2, 3, 5, 7, 107, 1951
List the prime factors of 547841403.
3, 2207, 27581
What are the prime factors of 1233727533?
3, 2131, 64327
List the prime factors of 216267211.
216267211
What are the prime factors of 23738100?
2, 3, 5, 67, 1181
What are the prime factors of 5241560375?
5, 41932483
List the prime factors of 35225313.
3, 11741771
What are the prime factors of 199653374?
2, 2969, 33623
What are the prime factors of 654330921?
3, 218110307
What are the prime factors of 2244489548?
2, 7, 67, 131, 9133
What are the prime factors of 117807009?
3, 39269003
List the prime factors of 91774594.
2, 83, 552859
What are the prime factors of 2517672044?
2, 1097, 573763
List the prime factors of 138688354.
2, 7, 181, 229, 239
What are the prime factors of 536141876?
2, 134035469
List the prime factors of 4196576302.
2, 42649, 49199
List the prime factors of 1396906362.
2, 3, 37, 541, 3877
What are the prime factors of 18159937?
239, 75983
List the prime factors of 390521625.
3, 5, 13, 80107
List the prime factors of 423672241.
19, 47, 474437
What are the prime factors of 1713313692?
2, 3, 1439, 33073
What are the prime factors of 1780971844?
2, 445242961
List the prime factors of 100600899.
3, 7, 1433, 3343
What are the prime factors of 1798487468?
2, 41, 1217, 9011
List the prime factors of 8419316291.
8419316291
What are the prime factors of 1086833219?
1086833219
What are the prime factors of 4851671255?
5, 613, 1582927
What are the prime factors of 1429473012?
2, 3, 11, 10829341
What are the prime factors of 18291943?
53, 71, 4861
What are the prime factors of 667832080?
2, 5, 17, 181, 2713
List the prime factors of 339098149.
13, 19, 1372867
What are the prime factors of 356907077?
19, 23, 857, 953
What are the prime factors of 673304641?
61, 67, 164743
What are the prime factors of 379987932?
2, 3, 31665661
What are the prime factors of 1294386843?
3, 269, 1603949
What are the prime factors of 1564361522?
2, 17, 46010633
List the prime factors of 30030141.
3, 2221, 4507
List the prime factors of 122748257.
122748257
List the prime factors of 520693551.
3, 7, 168673
What are the prime factors of 594271355?
5, 23, 5167577
List the prime factors of 19079959.
773, 24683
List the prime factors of 225270667.
2377, 94771
List the prime factors of 6362391506.
2, 3181195753
List the prime factors of 1639881791.
257, 6380863
What are the prime factors of 39579882?
2, 3, 6596647
List the prime factors of 2042487034.
2, 7, 61, 2391671
What are the prime factors of 159978706?
2, 5741, 13933
What are the prime factors of 178310728?
2, 1489, 14969
List the prime factors of 59447558.
2, 503, 59093
What are the prime factors of 5704052?
2, 167, 8539
What are the prime factors of 44249018?
2, 11, 547, 3677
What are the prime factors of 28417088?
2, 7, 137, 463
List the prime factors of 39506014.
2, 67, 294821
List the prime factors of 1491417972.
2, 3, 11, 3766207
What are the prime factors of 8221104512?
2, 163, 191, 2063
List the prime factors of 663792326.
2, 331896163
List the prime factors of 5391136.
2, 19, 8867
What are the prime factors of 174259112?
2, 17, 1281317
What are the prime factors of 429876424?
2, 53734553
List the prime factors of 2318427229.
1877, 1235177
What are the prime factors of 82631737?
82631737
List the prime factors of 1241098520.
2, 5, 2039, 15217
What are the prime factors of 1961781221?
4967, 394963
List the prime factors of 23598701.
7, 43, 78401
What are the prime factors of 819521341?
557, 1471313
What are the prime factors of 119468926?
2, 59734463
List the prime factors of 16681218.
2, 3, 2780203
What are the prime factors of 444812299?
89, 4997891
List the prime factors of 1400761585.
5, 4111, 68147
List the prime factors of 101596843.
1277, 79559
List the prime factors of 81648838.
2, 1123, 36353
List the prime factors of 3543856220.
2, 5, 177192811
List the prime factors of 38381322.
2, 3, 7, 61, 71, 211
What are the prime factors of 459150896?
2, 47, 157, 3889
What are the prime factors of 217330033?
1013, 214541
What are the prime factors of 173693588?
2, 2281, 19037
What are the prime factors of 666504026?
2, 17729, 18797
What are the prime factors of 736810883?
31, 23768093
What are the prime factors of 2667030505?
5, 211, 11981
List the prime factors of 217591225.
5, 1877, 4637
List the prime factors of 6893526241.
7, 113, 1244993
What are the prime factors of 40497426?
2, 3, 643, 3499
List the prime factors of 126067665.
3, 5, 17, 494383
What are the prime factors of 22626113?
103, 107, 2053
List the prime factors of 92430315.
3, 5, 228223
List the prime factors of 482324051.
11, 17, 2579273
What are the prime factors of 6765916379?
24121, 280499
List the prime factors of 5874104866.
2, 7, 19, 22083101
What are the prime factors of 112981666?
2, 7, 8070119
List the prime factors of 32788811.
11, 2980801
List the prime factors of 901161618.
2, 3, 7, 3449, 6221
List the prime factors of 63861561.
3, 2365243
List the prime factors of 221547953.
11, 103, 195541
What are the prime factors of 21062519?
21062519
List the prime factors of 142458325.
5, 37, 337, 457
What are the prime factors of 109663822?
2, 4817, 11383
What are the prime factors of 8199513321?
3, 17, 487, 330133
List the prime factors of 60293171.
31, 53, 36697
What are the prime factors of 3132828593?
3132828593
List the prime factors of 595596946.
2, 7, 991, 42929
What are the prime factors of 38957579?
38957579
What are the prime factors of 890474271?
3, 296824757
List the prime factors of 135432555.
3, 5, 2207, 4091
List the prime factors of 83631039.
3, 691, 40343
List the prime factors of 182942340.
2, 3, 5, 7, 435577
List the prime factors of 4863086414.
2, 2431543207
What are the prime factors of 220823448?
2, 3, 9200977
List the prime factors of 145044239.
145044239
List the prime factors of 54518369.
67, 813707
What are the prime factors of 42358083?
3, 14119361
What are the prime factors of 353743694?
2, 176871847
List the prime factors of 37723311.
3, 31, 135209
What are the prime factors of 195712925?
5, 17, 191, 2411
List the prime factors of 213314826.
2, 3, 35552471
List the prime factors of 20827437.
3, 43, 161453
What are the prime factors of 2425915544?
2, 13, 643, 36277
What are the prime factors of 1022690791?
23, 44464817
What are the prime factors of 5016459013?
61, 82237033
List the prime factors of 32920689.
3, 137, 173, 463
List the prime factors of 443193782.
2, 109, 2032999
What are the prime factors of 1589922071?
19, 29, 509, 5669
List the prime factors of 40257294.
2, 3, 7, 11, 79, 1103
What are the prime factors of 13581483?
3, 29, 156109
List the prime factors of 98173937.
98173937
What are the prime factors of 1751289968?
2, 3923, 27901
List the prime factors of 1070809427.
29, 36924463
List the prime factors of 20181956.
2, 1117, 4517
List the prime factors of 3159576500.
2, 5, 19, 103, 3229
List the prime factors of 347742722.
2, 173871361
What are the prime factors of 69701922?
2, 3, 3872329
List the prime factors of 4492720751.
941, 4774411
List the prime factors of 36122207.
11, 3283837
What are the prime factors of 495461438?
2, 247730719
What are the prime factors of 1725183093?
3, 575061031
What are the prime factors of 911492609?
1433, 636073
List the prime factors of 2034991860.
2, 3, 5, 11, 37, 167, 499
List the prime factors of 168333549.
3, 59, 229, 4153
What are the prime factors of 177114093?
3, 13, 4541387
What are the prime factors of 2487314960?
2, 5, 13, 183973
List the prime factors of 315374902.
2, 37, 131, 32533
What are the prime factors of 1493345777?
7, 11, 3571, 5431
What are the prime factors of 419160825?
3, 5, 206993
What are the prime factors of 42474870?
2, 3, 5, 471943
List the prime factors of 1418700236.
2, 127, 2792717